 factor of 100 and m.
25
Let a(b) = 120*b + 1092. Let n(u) = 24*u + 217. Let i(j) = -4*a(j) + 21*n(j). Let y be i(14). What is the highest common factor of 63 and y?
21
Let r(m) = 949*m - 2479. Let a be r(5). Calculate the greatest common factor of a and 44.
22
Let p be 97944/440 - (-2)/5 - -5. Calculate the highest common factor of 2166 and p.
114
Let l(c) = 8*c + 38. Let b be l(10). Suppose -5*j + 9*j - 98 = q, q = -5*j + b. What is the highest common factor of j and 60?
12
Suppose 5*c - 2465 = -4*w, w = -0*c + 3*c - 1496. Suppose -4*q - 5*o - c = -7*q, 0 = -q - 5*o + 159. Calculate the greatest common divisor of q and 41.
41
Let t = 42516 - 42180. What is the highest common divisor of 8016 and t?
48
Suppose 17*h = 161*h - 4176. Calculate the highest common factor of h and 87.
29
Let x = -22816 + 23437. Calculate the greatest common divisor of 1269 and x.
27
Let i be (6 - 792/45)*-20. Calculate the highest common factor of 24 and i.
8
Let v(c) = -3*c + 36. Let d be v(12). Suppose 111*y - 106*y - 770 = d. What is the highest common divisor of 110 and y?
22
Let m be 2 - (-4 - -3 - 1). Suppose 11 = m*a - 3*a. Let o(u) = -u**2 - 5*u + 11. Let g be o(0). What is the highest common factor of g and a?
11
Let x = -703 - -716. Let g be 8*(50/(-8))/5. Let l(j) = -j**3 - 9*j**2 + 6*j - 14. Let q be l(g). Calculate the highest common divisor of x and q.
13
Suppose -4*p = 4*h - 228, -3*p = -5*p - h + 115. What is the highest common factor of p and 10?
2
Let j be (78/(-21))/(3*10/(-105)). Suppose -16*z = -j - 35. What is the greatest common factor of 267 and z?
3
Let y = -166 + 168. Suppose -4*q + 14 = 2*h, y*h - 5*h - 15 = -3*q. Suppose -9*d = 3*d - 432. Calculate the greatest common divisor of q and d.
4
Let l(o) = -o**2 + 10*o + 84. Let u be l(23). Let y = u - -300. What is the greatest common divisor of 17 and y?
17
Let w be (11 + (-13699)/(-28))/(1/4). What is the greatest common factor of w and 261?
87
Let b be (28/(-21))/(6/(-9)). Let q be (-3)/b + (-150)/12. Let z = 11 - q. What is the highest common factor of 175 and z?
25
Let r be (90/(-21))/(-1) + (-2)/7. Let k be -3 + (1 - 402/4)*-2. What is the highest common divisor of r and k?
4
Let t be 3/1 - 110/11 - -4457. Calculate the greatest common factor of t and 50.
50
Let j(w) = -15*w**2 + 3*w - 2. Let g be j(5). Let m = -361 - g. Calculate the greatest common factor of 3 and m.
1
Let k be (-24)/(-15) + (-54868)/(-145). What is the highest common divisor of 80 and k?
20
Suppose -33 - 32 = 5*i. Let z = i + 18. Suppose -5*a = 10, z*a + 36 = 5*j + 2*a. Calculate the highest common factor of j and 2.
2
Suppose 0 = 3*d + 4*t - 60, -3*t = -129*d + 128*d + 7. Let c be (-2156)/(-18) - (-16)/72. Calculate the highest common divisor of d and c.
8
Suppose 0 = 2*g - 3*m - 146 + 61, -5*m = 3*g - 61. What is the greatest common factor of g and 19840?
32
Let v be (-6968)/(-8) + 0/2 + -1. Suppose -4*c + 97 = i - 16, 26 = c + i. Calculate the highest common factor of c and v.
29
Let n = 958 + -112. Suppose 3*v = 3*j + n, -3*j + 4*j - 5 = 0. What is the greatest common factor of 21 and v?
7
Suppose -3*q + 2*o + 1481 = 0, -3*o - 1974 = 51*q - 55*q. What is the greatest common divisor of 2376 and q?
99
Let f(p) = 17*p - 117. Let c be f(7). Suppose 6*m - m = c*k + 704, -2*m + k + 282 = 0. What is the greatest common divisor of m and 35?
35
Let m = 75 + -70. Suppose -m*k + 69 = -531. Let p be 1/(-6) + 2420/k. Calculate the highest common divisor of p and 30.
10
Suppose -8*t + 11*t - w = 12, 3*t - 9 = 2*w. Let c(l) = -3*l + 27. Let j be c(t). Suppose 300 = 6*m - m. What is the greatest common divisor of m and j?
12
Let h(t) = t**3 - 2*t**2 + 17*t + 2. Let o be h(5). Let x = 196 - o. What is the highest common factor of 85 and x?
17
Let p = -199 + 279. Suppose -45*h + 1591 = -127*h - 3903. Let q = p + h. Calculate the highest common factor of 13 and q.
13
Suppose -4*u = -5*u - 6. Let q be 4/u + 114/9. Let z(h) = 3*h**2. Let c be z(-2). What is the highest common factor of c and q?
12
Let k be 45 + 2 - (77 + -58). What is the highest common factor of k and 4396?
28
Let h(u) = -u**3 + 15*u**2 + 17*u - 12. Let n be h(16). Suppose -199 = -6*l + 437. Let b = l - 104. Calculate the greatest common divisor of b and n.
2
Let l = 3526 + -1706. Suppose -36*x + 43*x = l. What is the highest common factor of 156 and x?
52
Let q = -9303 + 15191. What is the highest common factor of 46 and q?
46
Let r = -290 - -295. Suppose -2*n - 4*l - 3 = r, 3 = -l. What is the greatest common factor of 32 and n?
2
Let q be ((-6)/8)/(2/24). Let h be (-26)/(-14) - q/63. Let o be 5*(2 - (-1 + h)). Calculate the highest common factor of 55 and o.
5
Let w(s) = 389*s - 7570. Let b be w(28). What is the greatest common divisor of 3926 and b?
302
Let n(d) = 891*d - 8826. Let l be n(14). What is the greatest common divisor of 30 and l?
6
Let y = 292 + -271. Suppose 3*s - 73 = -4*a, 2*s = -y*a + 24*a - 42. What is the highest common factor of a and 256?
16
Let u be (18 - 13) + (-11 - -2). Let v(j) = -j - 5. Let s be v(u). Let n be (0 - 2)*(-1 + s)*5. What is the highest common factor of 4 and n?
4
Suppose -3*d + 315 = -24*d. Let p be (-8)/10*d*(-99)/(-6). Calculate the greatest common divisor of 22 and p.
22
Let r(c) = 3*c**3 - 2*c**2 - 3*c + 2. Let t be r(2). Suppose -6090 - 3999 = 19*g. Let s = g + 639. What is the highest common factor of s and t?
12
Let z = 10460 - 9880. What is the highest common divisor of z and 464?
116
Let x(z) = 3*z + 7. Let c(f) = -f**3 + 8*f**2 - 6*f - 7. Let k be c(7). Let g be x(k). Suppose -3 - g = -w. Calculate the highest common divisor of 30 and w.
10
Suppose -144 = -3*v + 5*a - 95, 0 = 5*v + 4*a - 20. Let s be -6 - (-2 + v + -508). What is the greatest common divisor of s and 31?
31
Suppose -2 = 5*g + 98. Let p = -14 - g. Calculate the greatest common divisor of p and 12.
6
Let i = -1881 - -2001. Calculate the greatest common factor of i and 1005.
15
Let n(l) = -l**3 - 43*l**2 - 48*l + 132. Let p be n(-42). Suppose -55*h = -39*h - p. Calculate the greatest common factor of 54 and h.
6
Let p(f) = -f**3 + 19*f**2 - 45*f - 16. Let o be p(16). Let z = 5 - 5. Suppose -3*t = -z*t - 6. Calculate the greatest common factor of o and t.
2
Suppose -60*a + 1176 = 13*p - 61*a, -2*a = 4*p - 378. What is the greatest common divisor of p and 105?
7
Let y(x) = -x**3 - 5*x**2 + 2*x - 3. Let v = 47 - 54. Let h be y(v). Suppose i - 5 = 0, 0*z + z + 6 = 3*i. Calculate the highest common divisor of h and z.
9
Let j(d) = d**3 + 35*d**2 + 107*d - 59. Let q be j(-32). Let z = q - -455. Calculate the greatest common factor of 11 and z.
11
Suppose -12*f + 0 - 24 = 0. Let h be 2/(-8) - 74*f/16. Calculate the highest common factor of 1 and h.
1
Let p = -111 - -115. Let o be p/(-1 - (-5)/15). Let f be (48/o)/(2/(-8)). Calculate the highest common divisor of 128 and f.
32
Let u = -129 - -207. Let a be (-2)/(-13) + (-12)/u + -10. Let w be (-2 - -2) + (-8 - -11) - a. What is the highest common divisor of w and 26?
13
Let s = -16 - -20. Suppose 0 = -2*d + q - 0*q + 31, -67 = -s*d - 3*q. Let t(o) = -3*o - 17. Let w be t(-11). Calculate the greatest common factor of w and d.
16
Let v = -6335 + 7647. What is the greatest common factor of v and 48?
16
Suppose 0 = 5*u + 3*x + 55, 18*u + 39 = 15*u - 3*x. Let p be 574/21*(-12)/u. What is the greatest common factor of p and 451?
41
Let x = 2138 - 1914. What is the highest common factor of 84 and x?
28
Suppose 0 = -5*b + 16 + 664. Suppose -n + 127 = 4*a, -2*n - 53*a + 236 = -54*a. Calculate the greatest common factor of n and b.
17
Let z be 6*8*(-10)/(-96) + 526. Calculate the highest common factor of z and 144.
9
Suppose 0 = 2*f - 62*p + 65*p - 1941, -4870 = -5*f - 4*p. What is the highest common divisor of f and 12?
6
Let g(d) = -d**2 + 22*d + 56. Let f be g(24). Suppose -h + 1782 = f*h. What is the greatest common divisor of h and 11?
11
Let u(t) = -105*t**3 - t**2 - t. Let a be u(-1). Suppose -x + 25 = 10. Calculate the highest common divisor of a and x.
15
Let d = -59 + 86. Let y = -168558 + 168573. Calculate the highest common factor of d and y.
3
Let j be (-1 + 24/4)/(12/312). Let y = 65 + -13. Calculate the greatest common factor of y and j.
26
Let q(n) = n**3 + 6*n**2 - 9*n - 40. Let p be ((-6)/9)/(-2)